 0 = 6*h + h - 49. Let f = h + -2. Let w(k) = 3*k**3 + 2*k - 1. Let p(c) = -8*c**3 - c**2 - 7*c + 3. Let l(v) = -4*p(v) - 11*w(v). Give l(f).
4
Let z(d) = -2*d**2 + 6*d - 3. Suppose -9 = 5*p - 9, 0 = -5*w + 5*p + 15. Determine z(w).
-3
Suppose 578 = -7*g + 599. Let b(l) = -l + 5 - g + 2 + 3 + 0. Calculate b(10).
-3
Let g(v) = v**2 - 157 + 78 + 68 + 21*v. Give g(-22).
11
Let f(q) = 4585*q + 161 + 0*q**2 + q**2 + 4527*q - 9150*q - 20. Determine f(4).
5
Let h(l) = -l**2 + 12*l + 17. Suppose 0 = 4*c + c - 65. What is h(c)?
4
Let q(f) = 3*f**2 + 220*f + 92. Let j(k) = -8*k**2 - 644*k - 275. Let l(s) = 6*j(s) + 17*q(s). Calculate l(42).
-2
Let k(c) = -c**3 - 5*c**2 - 4*c - 19. Let w be k(-5). Let t(h) = -87*h + 42*h - 9*h**2 + 44*h - w. Give t(-1).
-9
Let o(j) = 4*j - 5. Let l be o(-1). Let g be l/(-11) + (-4)/(-22). Suppose b - 1 - g = 0. Let r(q) = -4*q + 2. What is r(b)?
-6
Let t = -10740 - -10741. Let l(s) = -71*s**3 + 2*s - 1. Calculate l(t).
-70
Let c = -9 + 7. Let t(o) = -3*o**2 - 3*o + 2. Let b(g) = g**2 + g - 1. Let r(h) = c*b(h) - t(h). Suppose z = 9*z - 16. Give r(z).
6
Let w = 246 + -710. Let u = w + 460. Let d(g) = -1 + g**2 + 5*g - 2 + 7. Determine d(u).
0
Let j(m) = -22 + 2*m + 10 + 841249*m**3 - 841248*m**3 - 10*m**2. Suppose b = -2*g + 11 - 3, -3*g = b - 7. Give j(b).
8
Suppose 0 = 3*r, -10 = -0*f - 2*f - 2*r. Suppose -f = -2*b + 1. Let s(m) = 9*m - 3*m - 23 + 19 + 13 - 5*m**2 - m**b. Determine s(-6).
9
Let n(t) = t**2 - 6*t - 17. Let f(i) = -2*i**2 - 128*i. Let j be f(-64). What is n(j)?
-17
Let a(y) = -8554*y - 51320. Let o be a(-6). Let p(i) = i**2 + i - 1. Let b(v) = -4*v**2 - v - 1. Let d(j) = -b(j) - 3*p(j). What is d(o)?
12
Let o(a) = a**3 + 5*a**2 + a. Suppose 4*p = -c + 548, 672 = 5*p + 7*c - 9*c. Suppose 119*t + p = 123*t. Let u be (-1)/(t/70 - (-10)/(-35)). Determine o(u).
-5
Suppose -1371 + 5305 = -7*g. Let o = g + 572. Let c(v) = v**3 - 10*v**2 + 2*v - 13. Calculate c(o).
7
Suppose -3*s = -4*h - 54, 0 = -2*s - 5*h - 4 + 17. Let a(t) = t**3 - 12*t**2 - 25*t - 47. Let k be a(s). Let c(w) = 5*w - 6. What is c(k)?
-31
Suppose 4 = 4*w + 4*u, 3*w - 4*u - 43 = -12. Let s(c) = -c**2 + 6*c - 4. Calculate s(w).
1
Let d(c) be the second derivative of c**4/12 - c**3 - c**2 - 2*c + 83. Let v = 2 + -10. Let i = v - -14. Give d(i).
-2
Let d(o) = -17*o + 31. Let y be 270/(-108)*(4 - 32/20 - 4). Calculate d(y).
-37
Suppose k + 8 = t, k = -3*k + 2*t - 22. Let c be (k + (-3 - -7))*1. Let u(a) = a**2 - 3*a + 1. Calculate u(c).
-1
Let y(b) be the third derivative of -b**5/30 + 5*b**4/8 - 5*b**3 - 39*b**2 - 10*b. Calculate y(3).
-3
Let t(w) = -5*w - 12. Let k be t(-6). Let p be k - (1 + (-5)/((-5)/(-2))). Let v(j) = 42 + 2*j - 18 - p. What is v(-7)?
-9
Suppose -71*j = -67*j + 12. Let a(m) = -7*m**2 - 2*m + 10. Let g(w) = -9*w**2 - 4*w + 11. Let u(l) = j*g(l) + 4*a(l). Suppose 2*b - 25 = -3*b. What is u(b)?
2
Let z(t) be the first derivative of t**6/360 - t**5/40 + t**4/6 + 77*t**3/3 - 103. Let y(p) be the third derivative of z(p). Determine y(3).
4
Let y(s) = -6*s**2 - 2*s - 1. Suppose 1770*u + 45 = 1755*u. Give y(u).
-49
Let o(k) = k**2 - 7*k - 11. Let d(s) be the third derivative of -s**5/60 + 7*s**4/24 + 2*s**3 + s**2 - 60. Let t(u) = -5*d(u) - 6*o(u). Determine t(-4).
-38
Let k = -27 - -36. Suppose k*j = 41 + 13. Let x(i) = -9*i - 4*i**2 + j*i + 3*i. What is x(1)?
-4
Suppose 9*u - 11 = 16. Let b(z) = -z + 109*z**u + 2*z**2 + 116*z**3 - 231*z**3. What is b(1)?
-5
Suppose 0 = -387*g - 349*g - 601 + 5753. Let p(l) = l**3 - 7*l**2 - l + 4. Calculate p(g).
-3
Let n(t) = 12765*t - 25553*t - t**2 + 12773*t + 7. Calculate n(-11).
51
Let f(t) = -t**3 - 12*t**2 - t - 14. Let b = -245 - -264. Suppose 17*k - 19*k - d = b, 0 = 3*k + d + 31. Give f(k).
-2
Let u(g) = g**3 - 8*g**2 + 5*g + 10. Let r(a) = -a**2 - 12*a - 12. Let j be r(-9). Suppose -j = -3*c, -3*c + 9 - 8 = -2*q. Give u(q).
-4
Let r = -19 - -23. Let g be (-12)/21*(-70)/r. Let q(a) = -23*a - 4*a**2 - a**3 + 18*a + g*a**2 + 0 + 3. Determine q(5).
3
Let n(p) = -p - 4. Let d be ((-2)/(-15)*-96)/((-10)/25). Let c(l) = -l**2 + 32*l - 9. Let y be c(d). Calculate n(y).
5
Suppose 0 = -129*u + 58*u - 639. Let b(n) = 2*n**2 + 11*n + 8. Calculate b(u).
71
Suppose -4*w = -5*m - 19 + 8, -4*w = 2*m + 10. Let a(u) = u**3 + 8*u**2 + 5*u - 3. Determine a(m).
27
Let d(h) = 4*h**3 - h**2 + 2*h - 13. Suppose u + 2*u = 0. Give d(u).
-13
Let h(y) = -2*y**2 + 45*y - 14. Let n(g) = g**2 - 41*g + 13. Let i(a) = 5*h(a) + 6*n(a). What is i(-6)?
-10
Let r(b) = 3*b**3 + b**2 - b - 2. Let v = 553 + -551. Suppose -j = 3*n - 5, v*j - 3*n + 1 + 7 = 0. What is r(j)?
-3
Let j(g) be the first derivative of 12*g**2 - 28*g + 11945. Give j(4).
68
Let z = 21 + -25. Let a be 0/(-4 + 12 + z). Suppose -6 = -j - a. Let n(o) = o - 8. Give n(j).
-2
Suppose 0 = 30*p - 26*p - 1076. Let q(h) = -h**2 + h + p - 269. Determine q(1).
0
Let c(m) = m**3 - 4*m**2 - 11*m - 3. Suppose 0 = -12*p + 89 - 17. Let x be 0 + 42/p - (1 - 0). Calculate c(x).
3
Suppose -18*x + 6 = 88 + 26. Let v(q) = q**2 + 22*q + 90. What is v(x)?
-6
Let u(n) = -4*n**2 + 11*n + 8. Suppose 2*a = -128*v + 130*v - 8, 3*v - 6 = -3*a. Calculate u(a).
-7
Let l(i) be the second derivative of 10*i**3/3 - 31*i**2 + i + 3574. What is l(8)?
98
Let h(t) = -10*t - 12. Let w(v) = 3*v + 4. Let b(a) = -2*h(a) - 7*w(a). Suppose 0 = -4*x + 20, 0*x - 249 = 3*l - 3*x. Let g = l - -73. What is b(g)?
1
Let j(c) = c**2 - 9*c - 12. Let t(l) = 4*l**2 - 26*l - 38. Suppose -h - 20 = -4*d - 5*h, -3*d - 5*h + 11 = 0. Let g(x) = d*j(x) - 2*t(x). Determine g(-9).
10
Suppose -2*k - 14 + 22 = 0. Let y(s) = -s**3 + 4*s**2 + 2*s - 6. Let w be y(k). Let j(f) = 3*f**2 - f - 1. Give j(w).
9
Suppose -t + 4 + 0 = 0. Let a(c) = 247*c - 246*c - t + 1. Calculate a(-6).
-9
Let w(o) = 4*o + 10. Suppose d + j - 59 = 0, 5*d - 8*j = -4*j + 268. Suppose -51*q - d = -43*q. What is w(q)?
-18
Let v(c) = 3*c**3 - c**2 - 6*c - 5. Let o(t) = -t**3 + t + 1. Let i(a) = -4*o(a) - v(a). Let q(h) = 2*h**2 + 2*h - 2. Let j be q(1). What is i(j)?
17
Let o be 18/1 - 4/((-10)/5). Suppose 3*s + o = 7*s - 4*q, 4*s + 4*q - 12 = 0. Let r(f) = -f**2 + 3*f + 4. Give r(s).
0
Let r(z) = z**2 - 6*z + 7. Let q be 4/2 - (-9)/(-1 + 10). Suppose 4*m - 4*p = 28, -q*m + 6*p = 8*p - 11. Calculate r(m).
2
Let y(d) = -d**2 - 12*d - 8. Let b(n) = n**2 + 13*n + 8. Let z(p) = 3*b(p) + 4*y(p). Suppose -2*c = -37*c - 245. Determine z(c).
6
Let q(a) be the third derivative of -a**4/4 - 35*a**3/6 + 1308*a**2. Calculate q(-6).
1
Suppose -20 = -6*z - 4*z. Let q(r) = -6 - 7*r**2 + 6*r**2 + z + 3*r + 0*r**2. Calculate q(4).
-8
Let k(f) = -124*f**2 - 121*f**2 - 7 + 2*f + 246*f**2. Let y = 0 - 0. Calculate k(y).
-7
Let i(u) = 3*u**3 + u**2 - 9*u**2 - 4656626 + 4656639. Calculate i(2).
5
Let i(r) = -r**2 + 10*r - 6. Let w = 683 + -422. Let g = w - 253. Give i(g).
10
Let n(y) be the third derivative of y**6/120 - y**5/12 - y**4/3 + 11*y**3/6 - 161*y**2. Determine n(6).
-1
Let a(r) be the third derivative of r**5/60 + r**4/3 + 7*r**3/6 + 3894*r**2. Determine a(-10).
27
Let o(d) = d**2 - 4*d + 5. Let f = 3936 + -3931. Calculate o(f).
10
Suppose -155 + 179 = 6*d. Let w(r) = -d*r**3 - 6*r**2 + 410 - 414 + 5*r**3. Suppose v = 3*v - 12. Calculate w(v).
-4
Suppose 721*m + 286 = 708*m. Let u(t) = -t**2 - 21*t + 10. What is u(m)?
-12
Suppose -2*k + 4*v - 255 = -261, -2*k - 3*v - 43 = 0. Let n(x) = -x**3 + 4*x**2 + 162*x - 25. Give n(k).
8
Let z = -63 - -65. Let m(a) = 36 - 13 + 5*a**z - 14 + 8*a + 2*a**3. Let v(s) = -3*s**3 - 7*s**2 - 12*s - 14. Let b(w) = 8*m(w) + 5*v(w). What is b(-3)?
8
Suppose 3*i - 24 = 2*w, i + 13 - 41 = 4*w. Let j(u) = -65*u**2 - 6 - 71*u**2 - 2*u**3 - 63*u**2 + 14 + 206*u**2 + 7*u + 3*u**3. Determine j(w).
2
Suppose -12524*x + 12537*x + 117 = 0. Let t be 1/(-2)*8/(-1). Let k(h) = 2*h - 3. Let o(c) = 5*c - 6. Let w(m) = t*o(m) + x*k(m). Determine w(-5).
-7
Suppose -4*k - 5 = -3*k, 4*k - 6 = -2*x. Suppose 0 = -4*i + v - x, 4 = i - 3*v + 10. Let h(q) = q**3 + 2*q**2 + 7. What is h(i)?
-2
Suppose 0 = -2*b - 3*f + 13, -78*b + 81*b = -2*f + 17. Let q(h) = -12*h + 55. Determine q(b).
-5
Let i(j) be the first derivative of -j**4/4 - 5*j**3/3 + 5*j**2/2 - 7*j - 43373. Let k be 12*((-2)/(-4))/(-1). Determine i(k).
-1
Let o(h) = 54*h**3 + 2*h**2 - 2*h - 1. 